8
What is the greatest common divisor of 339431 and 12438337?
1723
Calculate the greatest common divisor of 1598114934 and 6318.
2106
What is the greatest common divisor of 910 and 7176806?
182
What is the highest common divisor of 91789188 and 16803?
5601
What is the greatest common divisor of 2363204 and 17572?
92
What is the greatest common factor of 389168 and 19656?
104
What is the highest common factor of 112360 and 680?
40
Calculate the highest common factor of 2123 and 24393270.
2123
What is the greatest common divisor of 35065 and 1390?
5
What is the highest common divisor of 48531 and 672?
21
Calculate the greatest common divisor of 23083712 and 720.
16
What is the greatest common divisor of 8613350 and 93?
31
What is the highest common divisor of 7707523 and 291?
97
What is the highest common divisor of 488250 and 4750?
250
What is the highest common factor of 4179320 and 2934?
326
What is the greatest common factor of 587494 and 54636?
314
What is the highest common divisor of 160316779 and 7?
7
Calculate the highest common divisor of 7902647 and 256961.
877
Calculate the highest common divisor of 447 and 52567200.
447
Calculate the greatest common factor of 17226 and 2220075.
297
What is the greatest common factor of 37788 and 506520?
804
What is the greatest common factor of 1996346 and 39645?
881
What is the greatest common factor of 96 and 214316976?
48
What is the greatest common divisor of 228971428 and 84?
28
What is the greatest common factor of 91419381 and 921?
921
What is the highest common divisor of 4 and 1582454?
2
Calculate the highest common divisor of 22509 and 3152736.
369
What is the greatest common divisor of 8655557 and 4467?
1489
What is the highest common factor of 5000 and 21411200?
200
Calculate the highest common factor of 8965 and 8324899.
1793
Calculate the highest common factor of 221 and 640219.
1
What is the greatest common divisor of 1261 and 377651846?
1261
What is the highest common divisor of 1129956087 and 174?
87
What is the highest common divisor of 4468 and 193025419?
1117
Calculate the highest common factor of 992 and 992192.
32
Calculate the highest common factor of 52 and 1435449418.
26
Calculate the highest common divisor of 231451 and 199386.
583
Calculate the highest common divisor of 16190898 and 1062.
354
What is the highest common factor of 612 and 1035601614?
306
What is the highest common factor of 4030 and 1360710?
130
What is the greatest common factor of 37840950 and 11480?
2870
Calculate the greatest common divisor of 10 and 3622077890.
10
Calculate the highest common factor of 908265 and 267270.
2265
Calculate the highest common divisor of 171 and 53833213.
19
What is the greatest common divisor of 797 and 116463219?
797
Calculate the highest common divisor of 70845 and 745005.
15
What is the highest common divisor of 13572 and 109772?
52
What is the highest common factor of 439681 and 83171?
11
Calculate the highest common divisor of 308397056 and 2882.
2882
Calculate the highest common divisor of 254665125 and 2574.
1287
Calculate the greatest common factor of 942 and 10304538.
942
What is the highest common divisor of 1018912 and 5253?
17
Calculate the highest common factor of 2750 and 12694.
22
Calculate the greatest common divisor of 160644 and 20834.
22
Calculate the greatest common divisor of 6 and 202618.
2
What is the highest common factor of 3038079 and 15609?
1419
Calculate the greatest common factor of 87 and 78429.
3
What is the highest common factor of 98 and 172657576?
98
Calculate the highest common divisor of 29083110 and 42.
42
What is the greatest common divisor of 3893 and 154117?
229
What is the greatest common divisor of 319 and 99749415?
29
Calculate the greatest common divisor of 10696923 and 2151.
2151
What is the greatest common factor of 99104281 and 30276?
841
What is the highest common factor of 49803010 and 160?
10
What is the highest common factor of 61577100 and 831?
831
Calculate the highest common divisor of 11680 and 564800.
160
What is the greatest common factor of 6027 and 88642?
41
Calculate the highest common divisor of 31158 and 5863474.
1154
Calculate the greatest common factor of 5262254 and 537894.
2846
What is the greatest common factor of 5397 and 4299867?
771
Calculate the greatest common factor of 680753 and 548.
137
Calculate the greatest common factor of 8064 and 4977630.
126
What is the highest common divisor of 14857887 and 528?
33
Calculate the greatest common factor of 77626495 and 95.
95
What is the greatest common divisor of 4070 and 19794038?
814
Calculate the highest common factor of 12337237 and 3487.
11
Calculate the highest common divisor of 36 and 105447546.
18
Calculate the highest common divisor of 4265913 and 17934.
183
What is the greatest common divisor of 1758396 and 4986?
1662
What is the greatest common factor of 49765 and 1365485?
185
What is the greatest common divisor of 5720494 and 78?
26
What is the greatest common factor of 32419629 and 44947?
6421
Calculate the greatest common divisor of 239110 and 20.
10
What is the highest common divisor of 465 and 2309655?
465
Calculate the greatest common factor of 158842 and 17021952.
3694
What is the greatest common divisor of 24420864 and 16?
16
Calculate the highest common factor of 485853917 and 31.
31
Calculate the highest common factor of 612420 and 676140.
3540
What is the highest common factor of 36738 and 78429?
39
What is the greatest common divisor of 2332 and 1774036?
44
Calculate the highest common divisor of 894 and 86623683.
447
Calculate the highest common factor of 58 and 97815405.
29
Calculate the greatest common divisor of 41032317 and 177.
177
Calculate the highest common factor of 213944 and 218174.
94
Calculate the greatest common factor of 25176835 and 24679.
851
What is the greatest common factor of 1035 and 1755036?
9
What is the greatest common factor of 9740950 and 50?
50
Calculate the greatest common divisor of 56 and 46879406.
14
Calculate the highest common divisor of 2 and 60122.
2
Calculate the highest common divisor of 754 and 14991028.
754
What is the greatest common divisor of 11865 and 194110?
35
Calculate the greatest common factor of 164476755 and 5565.
795
Calculate the greatest common factor of 4293 and 7338327.
159
Calculate the greatest common divisor of 2995863258 and 6.
6
What is the greatest common factor of 116784856 and 464?
232
What is the highest common divisor of 9562776 and 134938?
2546
Calculate the highest common factor of 5418 and 33288794.
602
Calculate the highest common factor of 28 and 69694723.
7
What is the greatest common divisor of 1309968 and 1452?
132
What is the greatest common factor of 1440 and 486520?
40
What is the greatest common divisor of 15120 and 2289630?
210
Calculate the greatest common divisor of 89590 and 22630.
310
What is the greatest common factor of 69517063 and 4807?
253
What is the greatest common divisor of 1370275143 and 348?
87
Calculate the greatest common divisor of 36784 and 7358890.
418
What is the greatest common factor of 61303940 and 597?
199
What is the highest common divisor of 7350183 and 1539?
81
What is the highest common divisor of 18117 and 2501469?
27
Calculate the highest common factor of 19480 and 6025.
5
What is the greatest common factor of 3709071 and 12528?
783
What is the highest common divisor of 90110 and 10490?
10
Calculate the greatest common divisor of 26486 and 8894622.
1558
What is the highest common divisor of 5212500 and 312?
12
Calculate the highest common divisor of 40261541 and 118.
59
What is the greatest common factor of 4122 and 310392?
18
Calculate the highest common factor of 40828 and 654133.
59
Calculate the greatest common factor of 2160738 and 90.
18
What is the highest common factor of 34534218 and 82?
82
Calculate the greatest common divisor of 137356 and 2852.
92
Calculate the highest common factor of 174053 and 4235.
11
Calculate the highest common divisor of 237725 and 916205.
1285
What is the highest common divisor of 252454722 and 2328?
582
What is the highest common divisor of 4003 and 106571869?
4003
What is the highest common divisor of 220488580 and 130?
130
What is the highest common divisor of 5525 and 16000825?
425
Wha